ulate the highest common factor of 2 and r.
2
Suppose -5*w + 53 = 3*p, -3*w - 20*p + 21*p = -29. Calculate the greatest common divisor of w and 15.
5
Suppose 0*w = -5*w + 15. Suppose 27 = w*m + 6. Let c(i) = -2*i**2 - 22*i + 21. Let u be c(-11). What is the greatest common divisor of m and u?
7
Let p(o) be the third derivative of o**5/60 - o**4/3 + 7*o**3/6 - 29*o**2. Let f be p(9). Calculate the greatest common divisor of 192 and f.
16
Let d(z) = 17*z + 154. Let i be d(-8). Calculate the highest common divisor of 486 and i.
18
Let v be 3 + (-2 - 33) - (-4 - -2). Suppose -40 = -4*g - 172. Let b = v - g. Calculate the highest common factor of b and 9.
3
Let j = -74 - -369. Let p = 491 - j. What is the greatest common factor of p and 49?
49
Let p = 28 - 30. Let z(i) = -19*i**3 - 3*i**2 - 4*i - 4. Let o be z(p). Calculate the highest common factor of 12 and o.
12
Suppose 37 = -3*f - 2. Let o = 3 - f. Let c be (-8)/(2 + 51/(-24)). What is the highest common factor of o and c?
16
Suppose -556*x + 546*x = -150. What is the greatest common factor of 1005 and x?
15
Let b be ((-106 - 4) + 3)/1. Let l = -95 - b. What is the highest common factor of 3 and l?
3
Suppose 3*k = -y + 18, -k + 32 = y + 4. What is the greatest common factor of 6 and y?
3
Let b = 2 + 2. Suppose -b*y = -9 - 51. Suppose 13*v = 122 + 8. Calculate the highest common factor of y and v.
5
Let n(q) = 6*q + 2. Let t be n(2). Let a be (-10)/(-6 + 1) + 110. Calculate the greatest common factor of a and t.
14
Suppose 0 = -2*o + 2*y + 64, -o - 5*y = -0*o - 8. Suppose -7 = -5*s + 63. Calculate the highest common factor of s and o.
14
Let x be 2*(21/(-6) + 1). Let h be x*4/(-10)*2. Suppose j + h*j - 40 = 0. What is the greatest common divisor of j and 8?
8
Let t = -37 + 104. Let f = 99 - t. Calculate the greatest common factor of 48 and f.
16
Suppose 36*r - 50 = -5*a + 31*r, 4*r = 5*a - 68. What is the greatest common factor of a and 496?
4
Let g be 2*(-1)/(-2) + 11. Let x be (-36)/(-10)*4100/123. What is the highest common factor of x and g?
12
Let k(b) = b**3 - 3*b**2 + 7*b - 53. Let z be k(5). Calculate the greatest common divisor of z and 44.
4
Let j = 589 - 588. Calculate the highest common factor of j and 28.
1
Let g be ((-6)/(-6) - -29) + 0/2. Calculate the highest common divisor of g and 3.
3
Suppose i - 39 = -18. Let m(s) = s + 3. Let z(u) = -2*u - 2. Let p be z(-3). Let w be m(p). Calculate the greatest common divisor of w and i.
7
Suppose 0 = 5*d + 378 - 938. Let b(h) = 90*h + 194. Let j be b(-2). Calculate the greatest common factor of j and d.
14
Suppose 3*y + 32756 - 32759 = 0. Let j(k) = k**3 + 4*k**2 + 3*k + 4. Suppose 3*c + 12 = -c. Let p be j(c). Calculate the greatest common divisor of p and y.
1
Suppose -170 = 4*q - 6*q. Let w = 3 + q. Suppose 2*p - 7 = 9. Calculate the greatest common divisor of p and w.
8
Let q(n) = n**3 + 19*n**2 + 57*n + 7. Let f be q(-13). What is the highest common factor of 40 and f?
40
Let n be 4*(2 + (-9)/6 + 5). Calculate the greatest common factor of n and 440.
22
Suppose -3*l + 13 + 5 = 0. Suppose b + 75 = l*b. What is the highest common factor of 75 and b?
15
Suppose 4*t = -38 - 2. Let d be (48/t)/(1/(-10)). Suppose -s + 0 + 6 = 0. Calculate the greatest common divisor of s and d.
6
Suppose -2685 = 16*b - 7549. Let u = 29 + -13. Calculate the greatest common factor of b and u.
16
Suppose -54*z + 252 + 180 = 0. Calculate the greatest common divisor of 344 and z.
8
Let p(y) = y**2 + 7*y + 16. Let w be p(-3). Suppose -m + 70 = m + 2*j, w*j + 20 = m. Let b = 17 - 9. What is the greatest common divisor of b and m?
8
Suppose 3*k - 151 = -247*y + 246*y, 5*y - 194 = -4*k. Calculate the highest common factor of 1173 and k.
51
Let m be (-2 - -20)/(4/26). Let a be (3/(-12))/((-2)/24). Suppose s - 15 = v, s + a*v = 11 - 4. Calculate the highest common factor of s and m.
13
Suppose 5*z = 76 + 74. Let h be ((-855)/133)/((-6)/56). What is the greatest common divisor of z and h?
30
Let r(q) = -q**3 + 15*q**2 - 14*q + 8. Let v(l) = l**2 - 2*l - 1. Let s be v(5). Let f be r(s). Calculate the highest common factor of f and 64.
8
Let v = -148 - -94. Let m be (-500)/(-24) + -3*3/v. What is the highest common divisor of 3 and m?
3
Suppose 19 = -3*i + 7*i + m, 5*m = 4*i - 1. Suppose t = a - t - 2, 4*t - i = 3*a. Let f be (-126)/a*(-8)/(-3). Calculate the greatest common factor of 7 and f.
7
Let k be 4/(-6)*(-42)/4. Suppose -6*t + k*t - 275 = 0. Suppose 0 = -4*a + t + 1. What is the greatest common divisor of a and 23?
23
Let w = -697 - -703. Calculate the greatest common divisor of 114 and w.
6
Let s = -59 - -45. Let q(u) = u**3 + 14*u**2 + 16. Let n be q(s). Calculate the highest common factor of n and 4.
4
Suppose -k - 13 = -21. What is the greatest common divisor of 4 and k?
4
Suppose l - 11 = -6. Suppose t + l*t = 84. What is the greatest common divisor of 112 and t?
14
Let m = 132 + -132. Suppose s + r = 19, s + 4*r - 5*r - 11 = m. Calculate the highest common factor of 40 and s.
5
Let s be 1905/35 + 1 + 9/(-21). What is the highest common factor of 22 and s?
11
Let m = -235 + 85. Let a = m - -342. Calculate the greatest common factor of a and 24.
24
Suppose -40 = -x + w + 3*w, 4*x - 149 = 5*w. What is the greatest common factor of 72 and x?
36
Let m = -23 - -42. Suppose k - 2*a = m, -3*a + 7*a - 49 = -k. What is the highest common divisor of 116 and k?
29
Suppose -17 = -8*z + 55. Let c be (5/((-75)/18))/(z/(-30)). Let w = -6 + 38. Calculate the greatest common factor of c and w.
4
Let c(h) = -18*h**3 - 5*h**2 - 2*h + 4. Let a be c(-2). What is the highest common factor of 176 and a?
44
Suppose 0 = -3*u + 4*a + 101, 5*a - 40 = -0*u - u. Suppose -3*l - l = -4*v - 132, -v + 2 = 0. Calculate the greatest common factor of l and u.
35
Let k be 109 - (-2)/3*15/(-10). Let g(u) = -11*u**3 + 2*u**2 - 1. Let j be g(-1). Calculate the highest common divisor of j and k.
12
Let v = 2053 - 2035. What is the greatest common divisor of 36 and v?
18
Let x = -7 - -11. Let i(b) = b + 4. Let c be i(x). Let n(h) = 63*h**2 + 2*h - 1. Let q be n(1). Calculate the greatest common factor of c and q.
8
Let t = 1994 - 1739. Calculate the highest common factor of 15 and t.
15
Let m = 158 - 94. Suppose 7*o + m = 9*o. Calculate the greatest common factor of o and 16.
16
Let g = -18 + 40. Let y = 14832 - 14634. Calculate the greatest common divisor of y and g.
22
Suppose 8*t - 32 = 160. Calculate the greatest common divisor of t and 600.
24
Suppose 0 = 3*p - 3*g - 75, 4*p - 4 = -5*g + 51. Suppose -13 = -3*m - 2*l + 13, -l = 2*m - 16. Let t be 9/6*16/m. What is the highest common divisor of p and t?
4
Suppose 0 = 2*m - 4*b + 26, 2*m = -3*m - 2*b - 17. Let i be (-16 - (m + 4))*-5. Calculate the highest common factor of 15 and i.
15
Suppose 0 = 2*v + 4*r - 92, 23 = 3*v + 3*r - 109. Let d(t) = t**3 + 10*t**2 + 9*t + 6. Let q be d(-9). What is the greatest common factor of v and q?
6
Let u be ((-780)/(-18))/(-1 + (-5)/(-3)). What is the highest common divisor of u and 26?
13
Suppose 4*u - 3*f - 2740 = -0*f, 3*u - 2034 = -3*f. Calculate the greatest common divisor of u and 62.
62
Let c(o) = 71*o + 784. Let g be c(33). Calculate the greatest common factor of g and 53.
53
Let i(n) = 3*n + 1. Let f be i(-2). Let v = f + 51. What is the highest common factor of v and 46?
46
Let o(p) = p**3 + 15*p**2 - 19*p + 4. Let i be o(-16). Calculate the highest common divisor of i and 130.
26
Suppose 2*f = 36*f - 3162. Calculate the highest common factor of 62 and f.
31
Let i = -1 - -2. Let b = i + 16. Calculate the highest common factor of 17 and b.
17
Suppose 44*k + 2466 = 17426. Calculate the highest common divisor of k and 70.
10
Suppose -s - 18 = 4*v, -2*s - 12 = 2*s - 4*v. Let g = 62 + s. Calculate the greatest common factor of g and 14.
14
Let k be 1*(3 + -5 - -7). Suppose 0*i + 5*i = 140. Suppose 4*s = -3*n + i, 5*s + 30 = 2*n + 88. Calculate the greatest common factor of k and s.
5
Let l be 4/(52/(-65)) + 600. Calculate the highest common factor of 425 and l.
85
Let v(j) be the second derivative of j**4/12 + j**3/6 + j. Let s be v(-2). Suppose -9 - 2 = -11*w. Calculate the greatest common divisor of w and s.
1
Suppose -51 = -3*x + 315. Let q = 142 - x. Calculate the greatest common factor of 5 and q